{"id":1292,"date":"2019-11-27T13:19:18","date_gmt":"2019-11-27T12:19:18","guid":{"rendered":"https:\/\/iesalhama.educacion.navarra.es\/web1\/erasmus\/?page_id=1292"},"modified":"2020-01-29T16:22:10","modified_gmt":"2020-01-29T15:22:10","slug":"school-year-18-19","status":"publish","type":"page","link":"https:\/\/iesalhama.educacion.navarra.es\/web1\/erasmus\/school-year-18-19\/","title":{"rendered":"School year 2018-2019"},"content":{"rendered":"\n<ul><li>October 2018: cycling activities in PE lessons:<\/li><\/ul>\n\n\n\n<ol><li>Bike rides<\/li><li>Basic bike repair workshop&nbsp;<\/li><li>Visit to an exhibition in Culture Center: \u201cBardenas Reales. In search of light\u201d: October 15th-17th.<\/li><li>Urban scavenger hunts<\/li><li>Orienteering events<\/li><\/ol>\n\n\n\n<p>-October 18-19: To\u00f1o Pe\u00f1a, project coordinator, attended a 2-day kick-off Erasmus conference in Almer\u00eda, Spain. All KA201 national project coordinators (145) attended the meeting.<br><\/p>\n\n\n\n<p>Education Board website:<br><\/p>\n\n\n\n<p><a href=\"https:\/\/www.educacion.navarra.es\/web\/dpto\/-\/ies-alhama-participa-en-almeria-en-las-jornadas-de-iniciacion-para-proyectos-erasmus-ka2-\">https:\/\/www.educacion.navarra.es\/web\/dpto\/-\/ies-alhama-participa-en-almeria-en-las-jornadas-de-iniciacion-para-proyectos-erasmus-ka2-<\/a><\/p>\n\n\n\n<p>School website:<br><\/p>\n\n\n\n<p><a href=\"https:\/\/iesalhama.educacion.navarra.es\/web1\/category\/noticias\/curso-2018-2019\/\">https:\/\/iesalhama.educacion.navarra.es\/web1\/category\/noticias\/curso-2018-2019\/<\/a><\/p>\n\n\n\n<p>Biciclistas de Corella\u2019s website:&nbsp;<\/p>\n\n\n\n<p><\/p>\n\n\n\n<p><\/p>\n\n\n\n<p>ERASMUS+ EVENTS:<br><\/p>\n\n\n\n<ul><li>September 15th: <strong>Multicultural Market <\/strong>with 17 girls and one boy taking care of the stall, 35 trays of sweets (traditional and arab sweets), tea, T-shirts, lamps\u2026 We raised 402 euros.&nbsp;<\/li><\/ul>\n\n\n\n<p><a href=\"https:\/\/iesalhama.educacion.navarra.es\/web1\/category\/noticias\/curso-2018-2019\/\">https:\/\/iesalhama.educacion.navarra.es\/web1\/category\/noticias\/curso-2018-2019\/<\/a><\/p>\n\n\n\n<p>Facebook Biciclistas<br><\/p>\n\n\n\n<ul><li>First Erasmus Excursion:&nbsp; 21 people (11 student-volunteers, 4 mothers of students and 6 members of Biciclistas de Corella) walked 13 km in Corella and filled 15 bags with rubbish we picked along the way.<\/li><\/ul>\n\n\n\n<p><a href=\"https:\/\/iesalhama.educacion.navarra.es\/web1\/category\/noticias\/curso-2018-2019\/\">https:\/\/iesalhama.educacion.navarra.es\/web1\/category\/noticias\/curso-2018-2019\/<\/a><\/p>\n\n\n\n<p>Facebook Biciclistas:&nbsp;<br><\/p>\n\n\n\n<p>Instagram:&nbsp;<br><\/p>\n\n\n\n<p>-DIY Bike-repair workshop (November 10th): 13 students, 3 Biciclistas and 1 mechanic. We all fixed 14 bikes and 6 more are in the garage waiting for professional service.<br><\/p>\n\n\n\n<p>-Plastering of Bike Room: November 12th-19th<br><\/p>\n\n\n\n<p>-2 Sustainable Ambassadors devise and give a speech about women\u2019s rights.<br><\/p>\n\n\n\n<p>-November 20th: Trishaw painted on school wall.<br><\/p>\n\n\n\n<p>-Training of trishaw pilots: Zaragoza, December 1st, 10 bicyclists (3 of them, police officers in Corella and Castej\u00f3n).<\/p>\n\n\n\n<figure class=\"wp-block-embed-wordpress wp-block-embed is-type-wp-embed is-provider-la-voz\"><div class=\"wp-block-embed__wrapper\">\n<blockquote class=\"wp-embedded-content\" data-secret=\"9zvfpXcOth\"><a href=\"https:\/\/www.lavozdelaribera.es\/biciclistas-de-corella-organiza-un-curso-para-pilotos-de-triciclos-para-mayores\/\">Biciclistas de Corella organiza un curso para pilotos de triciclos para mayores<\/a><\/blockquote><iframe title=\"&#171;Biciclistas de Corella organiza un curso para pilotos de triciclos para mayores&#187; &#8212; LA VOZ\" class=\"wp-embedded-content\" sandbox=\"allow-scripts\" security=\"restricted\" style=\"position: absolute; clip: rect(1px, 1px, 1px, 1px);\" src=\"https:\/\/www.lavozdelaribera.es\/biciclistas-de-corella-organiza-un-curso-para-pilotos-de-triciclos-para-mayores\/embed\/#?secret=9zvfpXcOth\" data-secret=\"9zvfpXcOth\" width=\"500\" height=\"282\" frameborder=\"0\" marginwidth=\"0\" marginheight=\"0\" scrolling=\"no\"><\/iframe>\n<\/div><\/figure>\n\n\n\n<p>-We hired a trishaw in Txita, San Sebasti\u00e1n: December 3rd.<br><\/p>\n\n\n\n<ul><li>MEDIA:<\/li><\/ul>\n\n\n\n<ul><li>26th July: Diario de Noticias (newspaper article)&nbsp;<\/li><li>August 27th: Diario de Noticias (newspaper article)<\/li><li>August 1st: Plazanueva (magazine article)&nbsp;<\/li><li>Jornadas de Rehabilitaci\u00f3n y Regeneraci\u00f3n urbana: Corella, November 8th<\/li><\/ul>\n\n\n\n<p>TRISHAW PILOTS COURSE:<br><\/p>\n\n\n\n<ul><li><a href=\"https:\/\/www.lavozdelaribera.es\/biciclistas-de-corella-organiza-un-curso-para-pilotos-de-triciclos-para-mayores\/\">https:\/\/www.lavozdelaribera.es\/biciclistas-de-corella-organiza-un-curso-para-pilotos-de-triciclos-para-mayores\/<\/a><\/li><\/ul>\n\n\n\n<ul><li><a href=\"https:\/\/www.noticiasdenavarra.com\/2018\/12\/08\/vecinos\/tudela-y-ribera\/la-ribera\/biciclistas-organiza-un-curso-para-formar-a-pilotos-de-triciclos-para-mayores\">https:\/\/www.noticiasdenavarra.com\/2018\/12\/08\/vecinos\/tudela-y-ribera\/la-ribera\/biciclistas-organiza-un-curso-para-formar-a-pilotos-de-triciclos-para-mayores<\/a><\/li><\/ul>\n\n\n\n<p><a href=\"http:\/\/www.plazanueva.com\/articulo\/medio-y-energia\/corella-pedalea-sin-edad\/20181220171024195976.html\">http:\/\/www.plazanueva.com\/articulo\/medio-y-energia\/corella-pedalea-sin-edad\/20181220171024195976.html<\/a><\/p>\n\n\n\n<p><a href=\"https:\/\/conbici.org\/noticias\/biciclstas-de-corela-pedaleando-sin-edad\">https:\/\/conbici.org\/noticias\/biciclstas-de-corela-pedaleando-sin-edad<\/a><\/p>\n\n\n\n<p>Solidarity Market in Alhama High School to raise money to buy the trishaw:<br><\/p>\n\n\n\n<figure class=\"wp-block-embed-wordpress wp-block-embed is-type-wp-embed is-provider-ies-alhama\"><div class=\"wp-block-embed__wrapper\">\n<blockquote class=\"wp-embedded-content\" data-secret=\"kiA7MDJuDw\"><a href=\"https:\/\/iesalhama.educacion.navarra.es\/web1\/actividades-de-navidad-en-el-ies-alhama\/\">Actividades de Navidad en el IES Alhama<\/a><\/blockquote><iframe title=\"&#171;Actividades de Navidad en el IES Alhama&#187; &#8212; IES Alhama\" class=\"wp-embedded-content\" sandbox=\"allow-scripts\" security=\"restricted\" style=\"position: absolute; clip: rect(1px, 1px, 1px, 1px);\" src=\"https:\/\/iesalhama.educacion.navarra.es\/web1\/actividades-de-navidad-en-el-ies-alhama\/embed\/#?secret=kiA7MDJuDw\" data-secret=\"kiA7MDJuDw\" width=\"500\" height=\"282\" frameborder=\"0\" marginwidth=\"0\" marginheight=\"0\" scrolling=\"no\"><\/iframe>\n<\/div><\/figure>\n\n\n\n<p>Project website public announcement:&nbsp;<br><\/p>\n\n\n\n<p><a href=\"https:\/\/www.noticiasdenavarra.com\/2018\/11\/23\/sociedad\/navarra\/el-ies-alhama-de-corella-estrena-web-de-erasmus-ka201\">https:\/\/www.noticiasdenavarra.com\/2018\/11\/23\/sociedad\/navarra\/el-ies-alhama-de-corella-estrena-web-de-erasmus-ka201<\/a><\/p>\n\n\n\n<p>Our project in eTwinning program in Navarra:<br><\/p>\n\n\n\n<figure class=\"wp-block-embed-wordpress wp-block-embed is-type-wp-embed is-provider-etwinning-navarra\"><div class=\"wp-block-embed__wrapper\">\n<blockquote class=\"wp-embedded-content\" data-secret=\"Esznet96Ns\"><a href=\"https:\/\/etwinning.educacion.navarra.es\/2019\/01\/09\/el-proyecto-ka201-de-erasmus-sustainable-mobility-sustainable-community-del-ies-alhama-de-corella-sigue-adelante-con-sus-actividades\/\">El proyecto KA201 de Erasmus+ \u00abSustainable mobility, sustainable community\u00bb del IES Alhama de Corella sigue adelante con sus actividades<\/a><\/blockquote><iframe title=\"&#171;El proyecto KA201 de Erasmus+ \u00abSustainable mobility, sustainable community\u00bb del IES Alhama de Corella sigue adelante con sus actividades&#187; &#8212; eTwinning Navarra\" class=\"wp-embedded-content\" sandbox=\"allow-scripts\" security=\"restricted\" style=\"position: absolute; clip: rect(1px, 1px, 1px, 1px);\" src=\"https:\/\/etwinning.educacion.navarra.es\/2019\/01\/09\/el-proyecto-ka201-de-erasmus-sustainable-mobility-sustainable-community-del-ies-alhama-de-corella-sigue-adelante-con-sus-actividades\/embed\/#?secret=Esznet96Ns\" data-secret=\"Esznet96Ns\" width=\"500\" height=\"282\" frameborder=\"0\" marginwidth=\"0\" marginheight=\"0\" scrolling=\"no\"><\/iframe>\n<\/div><\/figure>\n\n\n\n<p>Our project and Biciclistas activities in Cycling Federation from Navarra:<br><\/p>\n\n\n\n<figure class=\"wp-block-embed-wordpress wp-block-embed is-type-wp-embed is-provider-asociacion-de-cicloturismo-de-navarra\"><div class=\"wp-block-embed__wrapper\">\n<blockquote class=\"wp-embedded-content\" data-secret=\"jIpSiB76RQ\"><a href=\"https:\/\/cicloturismonavarra.es\/biciclistas-de-corella\/\">Biciclistas de Corella<\/a><\/blockquote><iframe title=\"&#171;Biciclistas de Corella&#187; &#8212; Asociacion de cicloturismo de Navarra\" class=\"wp-embedded-content\" sandbox=\"allow-scripts\" security=\"restricted\" style=\"position: absolute; clip: rect(1px, 1px, 1px, 1px);\" src=\"https:\/\/cicloturismonavarra.es\/biciclistas-de-corella\/embed\/#?secret=jIpSiB76RQ\" data-secret=\"jIpSiB76RQ\" width=\"500\" height=\"282\" frameborder=\"0\" marginwidth=\"0\" marginheight=\"0\" scrolling=\"no\"><\/iframe>\n<\/div><\/figure>\n\n\n\n<p>Spanish CWA chapters in Zaragoza: <a href=\"https:\/\/iesalhama.educacion.navarra.es\/web1\/erasmus\/\">https:\/\/iesalhama.educacion.navarra.es\/web1\/erasmus\/<\/a><br><\/p>\n\n\n\n<p>MARCH 15TH SCHOOL STRIKE TO TACKLE CLIMATE CHANGE:<br><\/p>\n\n\n\n<p><a href=\"http:\/\/www.plazanueva.com\/articulo\/actualidad\/ies-alhama-corella-moviliza-defensa-medio-ambiente\/20190315094631199020.html\">http:\/\/www.plazanueva.com\/articulo\/actualidad\/ies-alhama-corella-moviliza-defensa-medio-ambiente\/20190315094631199020.html<\/a><\/p>\n\n\n\n<figure class=\"wp-block-embed-wordpress wp-block-embed is-type-wp-embed is-provider-la-voz\"><div class=\"wp-block-embed__wrapper\">\n<blockquote class=\"wp-embedded-content\" data-secret=\"vnz4m0ggCk\"><a href=\"https:\/\/www.lavozdelaribera.es\/el-ies-alhama-de-corella-se-moviliza-en-defensa-del-medio-ambiente\/\">El IES Alhama de Corella se moviliza en defensa del Medio Ambiente<\/a><\/blockquote><iframe title=\"&#171;El IES Alhama de Corella se moviliza en defensa del Medio Ambiente&#187; &#8212; LA VOZ\" class=\"wp-embedded-content\" sandbox=\"allow-scripts\" security=\"restricted\" style=\"position: absolute; clip: rect(1px, 1px, 1px, 1px);\" src=\"https:\/\/www.lavozdelaribera.es\/el-ies-alhama-de-corella-se-moviliza-en-defensa-del-medio-ambiente\/embed\/#?secret=vnz4m0ggCk\" data-secret=\"vnz4m0ggCk\" width=\"500\" height=\"282\" frameborder=\"0\" marginwidth=\"0\" marginheight=\"0\" scrolling=\"no\"><\/iframe>\n<\/div><\/figure>\n\n\n\n<p>MARCH 21ST eTwinning Navarra website: <a href=\"https:\/\/etwinning.educacion.navarra.es\/2019\/03\/21\/los-socios-europeos-del-proyecto-erasmus-ka201-movilidad-sostenible-comunidad-sostenible-visitan-el-ies-alhama-de-corella\/\">https:\/\/etwinning.educacion.navarra.es\/2019\/03\/21\/los-socios-europeos-del-proyecto-erasmus-ka201-movilidad-sostenible-comunidad-sostenible-visitan-el-ies-alhama-de-corella\/<\/a><br><\/p>\n\n\n\n<p>MARCH 21: Departamento de Educaci\u00f3n de Navarra (website): <a href=\"https:\/\/www.educacion.navarra.es\/web\/dpto\/-\/los-socios-europeos-del-proyecto-erasmus-ka201-movilidad-sostenible-comunidad-sostenible-visitan-el-ies-alhama-de-corella\">https:\/\/www.educacion.navarra.es\/web\/dpto\/-\/los-socios-europeos-del-proyecto-erasmus-ka201-movilidad-sostenible-comunidad-sostenible-visitan-el-ies-alhama-de-corella<\/a><br><\/p>\n\n\n\n<p>March 23: our Erasmus in ConBici website:<br><\/p>\n\n\n\n<p><a href=\"https:\/\/conbici.org\/noticias\/noticias-locales\/socios-erasmus-visitan-corella\">https:\/\/conbici.org\/noticias\/noticias-locales\/socios-erasmus-visitan-corella<\/a><\/p>\n\n\n\n<p><\/p>\n\n\n\n<p>March 24: our Erasmus in Navarra.com, an online newspaper:<br><\/p>\n\n\n\n<p><a href=\"https:\/\/navarra.elespanol.com\/articulo\/sociedad\/socios-europeos-proyecto-movilidad-sostenible-comunidad-sostenible-visita-corella\/20190323201644253373.html?fbclid=IwAR2ksaeBOXEY8uRwxgL6KYn82yd7bVdqaxGSYuBl3oyeaNEk8bGQz4LQ2_c\">https:\/\/navarra.elespanol.com\/articulo\/sociedad\/socios-europeos-proyecto-movilidad-sostenible-comunidad-sostenible-visita-corella\/20190323201644253373.html?fbclid=IwAR2ksaeBOXEY8uRwxgL6KYn82yd7bVdqaxGSYuBl3oyeaNEk8bGQz4LQ2_c<\/a><\/p>\n\n\n\n<p>ERASMUS TRIP 25-31st MARCH<br><\/p>\n\n\n\n<p><a href=\"https:\/\/www.noticiasdenavarra.com\/2019\/03\/26\/vecinos\/tudela-y-ribera\/jovenes-europeos-se-unen-en-corella-por-la-movilidad\">https:\/\/www.noticiasdenavarra.com\/2019\/03\/26\/vecinos\/tudela-y-ribera\/jovenes-europeos-se-unen-en-corella-por-la-movilidad<\/a><\/p>\n\n\n\n<p>Education Department in Navarra:<\/p>\n\n\n\n<p><a href=\"https:\/\/www.educacion.navarra.es\/web\/dpto\/-\/los-socios-erasmus-de-3-paises-visitan-corella\">https:\/\/www.educacion.navarra.es\/web\/dpto\/-\/los-socios-erasmus-de-3-paises-visitan-corella<\/a><\/p>\n\n\n\n<p>Cyclist.ie website:<\/p>\n\n\n\n<figure class=\"wp-block-embed-wordpress wp-block-embed is-type-wp-embed is-provider-cyclist-ie-the-irish-cycling-advocacy-network\"><div class=\"wp-block-embed__wrapper\">\n<blockquote class=\"wp-embedded-content\" data-secret=\"zWHhCW9q1x\"><a href=\"https:\/\/cyclist.ie\/2019\/04\/cyclist-ie-in-erasmus-at-corella\/\">Cyclist.ie in Erasmus at Corella<\/a><\/blockquote><iframe title=\"&#8220;Cyclist.ie in Erasmus at Corella&#8221; &#8212; Cyclist.ie - The Irish Cycling Advocacy Network\" class=\"wp-embedded-content\" sandbox=\"allow-scripts\" security=\"restricted\" style=\"position: absolute; clip: rect(1px, 1px, 1px, 1px);\" src=\"https:\/\/cyclist.ie\/2019\/04\/cyclist-ie-in-erasmus-at-corella\/embed\/#?secret=zWHhCW9q1x\" data-secret=\"zWHhCW9q1x\" width=\"500\" height=\"282\" frameborder=\"0\" marginwidth=\"0\" marginheight=\"0\" scrolling=\"no\"><\/iframe>\n<\/div><\/figure>\n\n\n\n<p>Plazanueva magazine:<br><\/p>\n\n\n\n<p><a href=\"http:\/\/www.plazanueva.com\/articulo\/medio-y-energia\/socios-erasmus-paises-europeos-visitaron-corella\/20190404100907199716.html\">http:\/\/www.plazanueva.com\/articulo\/medio-y-energia\/socios-erasmus-paises-europeos-visitaron-corella\/20190404100907199716.html<\/a><\/p>\n\n\n\n<p>Green Schools website:<\/p>\n\n\n\n<p><a href=\"https:\/\/greenschoolsireland.org\/green-schools-visits-northern-spain-as-part-of-the-erasmus-programme\/\">https:\/\/greenschoolsireland.org\/green-schools-visits-northern-spain-as-part-of-the-erasmus-programme\/<\/a><\/p>\n\n\n\n<p>UNA YAYACLETA PARA REDESCUBRIR CORELLA<br><\/p>\n\n\n\n<p><a href=\"https:\/\/www.diariodenavarra.es\/noticias\/navarra\/tudela-ribera\/2019\/05\/03\/una-yayacleta-para-redescubrir-corella-649069-1007.html\">https:\/\/www.diariodenavarra.es\/noticias\/navarra\/tudela-ribera\/2019\/05\/03\/una-yayacleta-para-redescubrir-corella-649069-1007.html<\/a><\/p>\n\n\n\n<p>PREMIO GESTI\u00d3N RESIDUOS GOBIERNO DE NAVARRA, mayo 2019:<br><\/p>\n\n\n\n<figure class=\"wp-block-embed-wordpress wp-block-embed is-type-wp-embed is-provider-red-explora-navarra-nafarroa-ezagutu-sarea\"><div class=\"wp-block-embed__wrapper\">\n<blockquote class=\"wp-embedded-content\" data-secret=\"IisRVyWB4X\"><a href=\"http:\/\/redexploranavarra.es\/1o-premio-proyectos-innovadores-sobre-residuos-gobierno-de-navarra\/\">1\u00ba PREMIO PROYECTOS INNOVADORES SOBRE RESIDUOS GOBIERNO DE NAVARRA<\/a><\/blockquote><iframe title=\"&#171;1\u00ba PREMIO PROYECTOS INNOVADORES SOBRE RESIDUOS GOBIERNO DE NAVARRA&#187; &#8212; Red Explora Navarra - Nafarroa Ezagutu Sarea\" class=\"wp-embedded-content\" sandbox=\"allow-scripts\" security=\"restricted\" style=\"position: absolute; clip: rect(1px, 1px, 1px, 1px);\" src=\"http:\/\/redexploranavarra.es\/1o-premio-proyectos-innovadores-sobre-residuos-gobierno-de-navarra\/embed\/#?secret=IisRVyWB4X\" data-secret=\"IisRVyWB4X\" width=\"500\" height=\"282\" frameborder=\"0\" marginwidth=\"0\" marginheight=\"0\" scrolling=\"no\"><\/iframe>\n<\/div><\/figure>\n\n\n\n<p>JUEVINTXO EN YAYACLETA, junio:<br><\/p>\n\n\n\n<p><a href=\"http:\/\/www.plazanueva.com\/articulo\/actualidad\/juevintxo-ruedas-corella\/20190614164643202347.html\">http:\/\/www.plazanueva.com\/articulo\/actualidad\/juevintxo-ruedas-corella\/20190614164643202347.html<\/a><\/p>\n\n\n\n<p>ENCUENTRO DE DUBLIN, 24-30 JUNIO:<br><\/p>\n\n\n\n<p><a href=\"http:\/\/www.plazanueva.com\/articulo\/actualidad\/corella-participa-erasmus-movilidad-sostenible-comunidad-sostenible\/20190703113156202628.html\">http:\/\/www.plazanueva.com\/articulo\/actualidad\/corella-participa-erasmus-movilidad-sostenible-comunidad-sostenible\/20190703113156202628.html<\/a><\/p>\n\n\n\n<p><\/p>\n\n\n\n<figure class=\"wp-block-embed-wordpress wp-block-embed is-type-wp-embed is-provider-etwinning-navarra\"><div class=\"wp-block-embed__wrapper\">\n<blockquote class=\"wp-embedded-content\" data-secret=\"YPAYOCGRky\"><a href=\"https:\/\/etwinning.educacion.navarra.es\/2019\/07\/03\/el-ies-alhama-y-biciclistas-de-corella-participan-en-un-encuentro-internacional-erasmus-en-dublin\/\">El IES Alhama y Biciclistas de Corella participan en un encuentro internacional Erasmus+ en Dubl\u00edn<\/a><\/blockquote><iframe title=\"&#171;El IES Alhama y Biciclistas de Corella participan en un encuentro internacional Erasmus+ en Dubl\u00edn&#187; &#8212; eTwinning Navarra\" class=\"wp-embedded-content\" sandbox=\"allow-scripts\" security=\"restricted\" style=\"position: absolute; clip: rect(1px, 1px, 1px, 1px);\" src=\"https:\/\/etwinning.educacion.navarra.es\/2019\/07\/03\/el-ies-alhama-y-biciclistas-de-corella-participan-en-un-encuentro-internacional-erasmus-en-dublin\/embed\/#?secret=YPAYOCGRky\" data-secret=\"YPAYOCGRky\" width=\"500\" height=\"282\" frameborder=\"0\" marginwidth=\"0\" marginheight=\"0\" scrolling=\"no\"><\/iframe>\n<\/div><\/figure>\n\n\n\n<figure class=\"wp-block-embed-wordpress wp-block-embed is-type-wp-embed is-provider-la-voz\"><div class=\"wp-block-embed__wrapper\">\n<blockquote class=\"wp-embedded-content\" data-secret=\"opaSipwKZw\"><a href=\"https:\/\/www.lavozdelaribera.es\/ciclistas-corellanos-en-dublin-por-una-comunidad-mas-sostenible\/\">Ciclistas corellanos en Dubl\u00edn por una comunidad m\u00e1s sostenible<\/a><\/blockquote><iframe title=\"&#171;Ciclistas corellanos en Dubl\u00edn por una comunidad m\u00e1s sostenible&#187; &#8212; LA VOZ\" class=\"wp-embedded-content\" sandbox=\"allow-scripts\" security=\"restricted\" style=\"position: absolute; clip: rect(1px, 1px, 1px, 1px);\" src=\"https:\/\/www.lavozdelaribera.es\/ciclistas-corellanos-en-dublin-por-una-comunidad-mas-sostenible\/embed\/#?secret=opaSipwKZw\" data-secret=\"opaSipwKZw\" width=\"500\" height=\"282\" frameborder=\"0\" marginwidth=\"0\" marginheight=\"0\" scrolling=\"no\"><\/iframe>\n<\/div><\/figure>\n\n\n\n<p>PREMIO A BICICLISTAS:<br><\/p>\n\n\n\n<p><a href=\"https:\/\/www.noticiasdenavarra.com\/2019\/08\/26\/vecinos\/tudela-y-ribera\/biciclistas-de-corella-protagonistas-de-la-11-fiesta-de-la-vendimia\">https:\/\/www.noticiasdenavarra.com\/2019\/08\/26\/vecinos\/tudela-y-ribera\/biciclistas-de-corella-protagonistas-de-la-11-fiesta-de-la-vendimia<\/a><\/p>\n\n\n\n<p>SEMANA DE LA MOVILIDAD 2019:<br><\/p>\n\n\n\n<p><a href=\"http:\/\/www.plazanueva.com\/articulo\/agenda\/semana-movilidad-europea-corella\/20190912130113206805.html\">http:\/\/www.plazanueva.com\/articulo\/agenda\/semana-movilidad-europea-corella\/20190912130113206805.html<\/a><\/p>\n\n\n\n<figure class=\"wp-block-embed-wordpress wp-block-embed is-type-wp-embed is-provider-se-me-cae-la-casa-encima\"><div class=\"wp-block-embed__wrapper\">\n<blockquote class=\"wp-embedded-content\" data-secret=\"zQRXPFkhPo\"><a href=\"https:\/\/semecaelacasaencima.com\/eventos\/semana-de-la-movilidad-en-corella\/2019-09-18\/\">Semana de la Movilidad en Corella<\/a><\/blockquote><iframe title=\"&#171;Semana de la Movilidad en Corella&#187; &#8212; Se me cae la casa encima\" class=\"wp-embedded-content\" sandbox=\"allow-scripts\" security=\"restricted\" style=\"position: absolute; clip: rect(1px, 1px, 1px, 1px);\" src=\"https:\/\/semecaelacasaencima.com\/eventos\/semana-de-la-movilidad-en-corella\/2019-09-18\/embed\/#?secret=zQRXPFkhPo\" data-secret=\"zQRXPFkhPo\" width=\"500\" height=\"282\" frameborder=\"0\" marginwidth=\"0\" marginheight=\"0\" scrolling=\"no\"><\/iframe>\n<\/div><\/figure>\n\n\n\n<p>PREMIO UNA VIDA EN BICI:<br><\/p>\n\n\n\n<p><a href=\"http:\/\/www.plazanueva.com\/articulo\/actualidad\/premio-toda-vida-bici\/20190918103048207047.html\">http:\/\/www.plazanueva.com\/articulo\/actualidad\/premio-toda-vida-bici\/20190918103048207047.html<\/a><\/p>\n\n\n\n<figure class=\"wp-block-embed-wordpress wp-block-embed is-type-wp-embed is-provider-la-voz\"><div class=\"wp-block-embed__wrapper\">\n<blockquote class=\"wp-embedded-content\" data-secret=\"g7yp6f829S\"><a href=\"https:\/\/www.lavozdelaribera.es\/pilar-sanz-y-jesus-librada-premio-una-vida-en-bici\/\">Pilar Sanz y Jes\u00fas Librada, premio \u00abUna vida en bici\u00bb<\/a><\/blockquote><iframe title=\"&#171;Pilar Sanz y Jes\u00fas Librada, premio \u00abUna vida en bici\u00bb&#187; &#8212; LA VOZ\" class=\"wp-embedded-content\" sandbox=\"allow-scripts\" security=\"restricted\" style=\"position: absolute; clip: rect(1px, 1px, 1px, 1px);\" src=\"https:\/\/www.lavozdelaribera.es\/pilar-sanz-y-jesus-librada-premio-una-vida-en-bici\/embed\/#?secret=g7yp6f829S\" data-secret=\"g7yp6f829S\" width=\"500\" height=\"282\" frameborder=\"0\" marginwidth=\"0\" marginheight=\"0\" scrolling=\"no\"><\/iframe>\n<\/div><\/figure>\n\n\n\n<figure class=\"wp-block-embed-wordpress wp-block-embed is-type-wp-embed is-provider-ayuntamiento-de-corella\"><div class=\"wp-block-embed__wrapper\">\n<blockquote class=\"wp-embedded-content\" data-secret=\"52aKc7BKmL\"><a href=\"https:\/\/www.corella.es\/212-ciclistas-participaron-en-el-dia-de-la-bicicleta\/\">212 ciclistas participaron en el D\u00eda de la Bicicleta.<\/a><\/blockquote><iframe title=\"&#8220;212 ciclistas participaron en el D\u00eda de la Bicicleta.&#8221; &#8212; Ayuntamiento de Corella\" class=\"wp-embedded-content\" sandbox=\"allow-scripts\" security=\"restricted\" style=\"position: absolute; clip: rect(1px, 1px, 1px, 1px);\" src=\"https:\/\/www.corella.es\/212-ciclistas-participaron-en-el-dia-de-la-bicicleta\/embed\/#?secret=52aKc7BKmL\" data-secret=\"52aKc7BKmL\" width=\"500\" height=\"282\" frameborder=\"0\" marginwidth=\"0\" marginheight=\"0\" scrolling=\"no\"><\/iframe>\n<\/div><\/figure>\n\n\n\n<p>LTT COPENHAGUE:<br><\/p>\n\n\n\n<p><a href=\"https:\/\/cadenaser.com\/emisora\/2019\/10\/14\/ser_tudela\/1571053547_862153.html?int=lomasvistoSER\">https:\/\/cadenaser.com\/emisora\/2019\/10\/14\/ser_tudela\/1571053547_862153.html?int=lomasvistoSER<\/a><\/p>\n\n\n\n<figure class=\"wp-block-embed-wordpress wp-block-embed is-type-wp-embed is-provider-la-voz\"><div class=\"wp-block-embed__wrapper\">\n<blockquote class=\"wp-embedded-content\" data-secret=\"M87w3rN5yS\"><a href=\"https:\/\/www.lavozdelaribera.es\/corella-pedalea-en-copenhague\/\">Corella pedalea en Copenhague<\/a><\/blockquote><iframe title=\"&#171;Corella pedalea en Copenhague&#187; &#8212; LA VOZ\" class=\"wp-embedded-content\" sandbox=\"allow-scripts\" security=\"restricted\" style=\"position: absolute; clip: rect(1px, 1px, 1px, 1px);\" src=\"https:\/\/www.lavozdelaribera.es\/corella-pedalea-en-copenhague\/embed\/#?secret=M87w3rN5yS\" data-secret=\"M87w3rN5yS\" width=\"500\" height=\"282\" frameborder=\"0\" marginwidth=\"0\" marginheight=\"0\" scrolling=\"no\"><\/iframe>\n<\/div><\/figure>\n\n\n\n<p>ECF website:<br><\/p>\n\n\n\n<p><a href=\"https:\/\/ecf.com\/news-and-events\/news\/pedalling-inclusion-copenhagen\">https:\/\/ecf.com\/news-and-events\/news\/pedalling-inclusion-copenhagen<\/a><\/p>\n","protected":false},"excerpt":{"rendered":"<p>October 2018: cycling activities in PE lessons: Bike rides Basic bike repair workshop&nbsp; Visit to an exhibition in Culture Center: \u201cBardenas Reales. In search of light\u201d: October 15th-17th. Urban scavenger hunts Orienteering events -October 18-19: To\u00f1o Pe\u00f1a, project coordinator, attended a 2-day kick-off Erasmus conference in Almer\u00eda, Spain. All KA201 national project coordinators (145) attended [&hellip;]<\/p>\n","protected":false},"author":4,"featured_media":0,"parent":0,"menu_order":0,"comment_status":"closed","ping_status":"closed","template":"","meta":{"_genesis_hide_title":false,"_genesis_hide_breadcrumbs":false,"_genesis_hide_singular_image":false,"_genesis_hide_footer_widgets":false,"_genesis_custom_body_class":"","_genesis_custom_post_class":"","_genesis_layout":""},"_links":{"self":[{"href":"https:\/\/iesalhama.educacion.navarra.es\/web1\/erasmus\/wp-json\/wp\/v2\/pages\/1292"}],"collection":[{"href":"https:\/\/iesalhama.educacion.navarra.es\/web1\/erasmus\/wp-json\/wp\/v2\/pages"}],"about":[{"href":"https:\/\/iesalhama.educacion.navarra.es\/web1\/erasmus\/wp-json\/wp\/v2\/types\/page"}],"author":[{"embeddable":true,"href":"https:\/\/iesalhama.educacion.navarra.es\/web1\/erasmus\/wp-json\/wp\/v2\/users\/4"}],"replies":[{"embeddable":true,"href":"https:\/\/iesalhama.educacion.navarra.es\/web1\/erasmus\/wp-json\/wp\/v2\/comments?post=1292"}],"version-history":[{"count":4,"href":"https:\/\/iesalhama.educacion.navarra.es\/web1\/erasmus\/wp-json\/wp\/v2\/pages\/1292\/revisions"}],"predecessor-version":[{"id":1463,"href":"https:\/\/iesalhama.educacion.navarra.es\/web1\/erasmus\/wp-json\/wp\/v2\/pages\/1292\/revisions\/1463"}],"wp:attachment":[{"href":"https:\/\/iesalhama.educacion.navarra.es\/web1\/erasmus\/wp-json\/wp\/v2\/media?parent=1292"}],"curies":[{"name":"wp","href":"https:\/\/api.w.org\/{rel}","templated":true}]}}