{"id":1177,"date":"2017-12-08T16:45:49","date_gmt":"2017-12-08T15:45:49","guid":{"rendered":"https:\/\/iesalhama.educacion.navarra.es\/web1\/?page_id=1177"},"modified":"2025-10-15T10:26:07","modified_gmt":"2025-10-15T08:26:07","slug":"fisica-y-quimica","status":"publish","type":"page","link":"https:\/\/iesalhama.educacion.navarra.es\/web1\/departamentos\/fisica-y-quimica\/","title":{"rendered":"F\u00edsica y Qu\u00edmica"},"content":{"rendered":"<p style=\"padding-left: 60px\"><span style=\"text-decoration: underline\"><strong>JEFATURA de Departamento<\/strong><\/span><\/p>\n<ul>\n<li style=\"list-style-type: none\">\n<ul>\n<li style=\"list-style-type: none\">\n<ul>\n<li>\n<h5><span style=\"color: #000000\"><strong>Ciordia Jim\u00e9nez, Myriam<\/strong><\/span><\/h5>\n<\/li>\n<\/ul>\n<\/li>\n<\/ul>\n<\/li>\n<\/ul>\n<p style=\"padding-left: 60px\"><span style=\"text-decoration: underline\"><strong>PROFESORADO\u00a0del Departamento<\/strong><\/span><\/p>\n<ul>\n<li style=\"list-style-type: none\">\n<ul>\n<li style=\"list-style-type: none\">\n<ul>\n<li>\n<h5><strong>Aguado Ullate, Sonia<\/strong><\/h5>\n<\/li>\n<li>\n<h5><strong>Bueno Gil, Ignacio<\/strong><\/h5>\n<\/li>\n<li>\n<h5><strong>Ibarrola Subiza, Amaia<\/strong><\/h5>\n<\/li>\n<li>\n<h5><span style=\"color: #000000\"><strong>Lacarra Catal\u00e1n, Andrea<\/strong><\/span><\/h5>\n<\/li>\n<\/ul>\n<\/li>\n<\/ul>\n<\/li>\n<\/ul>\n<p style=\"padding-left: 60px\"><strong><u>ASIGNATURAS\u00a0impartidas por el Departamento<\/u><\/strong><\/p>\n<ul>\n<li style=\"list-style-type: none\">\n<ul>\n<li style=\"list-style-type: none\">\n<ul>\n<li><a href=\"https:\/\/docs.google.com\/document\/d\/1WJIZYNQljlVZfrLhmt6JPTDn2-iwvkRtpOU4fqnE5Sc\/edit?usp=sharing\" target=\"_blank\" rel=\"noopener noreferrer\"><strong>1\u00ba ESO Biolog\u00eda y Geolog\u00eda (Biling\u00fce)<\/strong><\/a><\/li>\n<li><a href=\"https:\/\/docs.google.com\/document\/d\/1TLekaDsxecxTZaus8IW6CNJsDkMDY07klbK0GZK2wAk\/edit?usp=sharing\" target=\"_blank\" rel=\"noopener noreferrer\"><strong>2\u00ba ESO F\u00edsica y Qu\u00edmica<\/strong><\/a><\/li>\n<li><a href=\"https:\/\/docs.google.com\/document\/d\/1_DoKzF26jUTtdG8uOoP6gT58ygpRkT6_ewfkYqI-aLI\/edit?usp=sharing\" target=\"_blank\" rel=\"noopener noreferrer\"><strong>3\u00ba ESO F\u00edsica y Qu\u00edmica<\/strong><\/a><\/li>\n<li><a href=\"https:\/\/docs.google.com\/document\/d\/1O6MIQhvhkV3uzqKwaqMKoFzpPW4EzM91vPruWctqvrc\/edit?usp=sharing\" target=\"_blank\" rel=\"noopener noreferrer\"><strong>4\u00ba ESO F\u00edsica y Qu\u00edmica<\/strong><\/a><\/li>\n<li><a href=\"https:\/\/docs.google.com\/document\/d\/1Bd_r94zgcY-hCd3Eu_F0J8bioAZOA_pYo8VAsViEbTQ\/edit?usp=sharing\" target=\"_blank\" rel=\"noopener noreferrer\"><strong>1\u00ba BCH F\u00edsica y Qu\u00edmica<\/strong><\/a><\/li>\n<li><a href=\"https:\/\/docs.google.com\/document\/d\/1ptUkC7Yg6l8P5E4iCrrdAHb_1RHOBgleMElFotZSTK0\/edit?usp=sharing\" target=\"_blank\" rel=\"noopener noreferrer\"><strong>2\u00ba BCH F\u00edsica<\/strong><\/a><\/li>\n<li><a href=\"https:\/\/docs.google.com\/document\/d\/1MYff8571C2T9l17najA0bjxNYPYHd22kwBphmEOHQm4\/edit?usp=sharing\" target=\"_blank\" rel=\"noopener noreferrer\"><strong>2\u00ba BCH Qu\u00edmica<\/strong><\/a><\/li>\n<\/ul>\n<\/li>\n<\/ul>\n<\/li>\n<\/ul>\n\n\n<p><\/p>\n","protected":false},"excerpt":{"rendered":"<p>JEFATURA de Departamento Ciordia Jim\u00e9nez, Myriam PROFESORADO\u00a0del Departamento Aguado Ullate, Sonia Bueno Gil, Ignacio Ibarrola Subiza, Amaia Lacarra Catal\u00e1n, Andrea ASIGNATURAS\u00a0impartidas por el Departamento 1\u00ba ESO Biolog\u00eda y Geolog\u00eda (Biling\u00fce) 2\u00ba ESO F\u00edsica y Qu\u00edmica 3\u00ba ESO F\u00edsica y Qu\u00edmica 4\u00ba ESO F\u00edsica y Qu\u00edmica 1\u00ba BCH F\u00edsica y Qu\u00edmica 2\u00ba BCH F\u00edsica 2\u00ba BCH [&hellip;]<\/p>\n","protected":false},"author":1,"featured_media":0,"parent":1167,"menu_order":0,"comment_status":"closed","ping_status":"closed","template":"","meta":{"_genesis_hide_title":false,"_genesis_hide_breadcrumbs":false,"_genesis_hide_singular_image":false,"_genesis_hide_footer_widgets":false,"_genesis_custom_body_class":"","_genesis_custom_post_class":"","_genesis_layout":""},"_links":{"self":[{"href":"https:\/\/iesalhama.educacion.navarra.es\/web1\/wp-json\/wp\/v2\/pages\/1177"}],"collection":[{"href":"https:\/\/iesalhama.educacion.navarra.es\/web1\/wp-json\/wp\/v2\/pages"}],"about":[{"href":"https:\/\/iesalhama.educacion.navarra.es\/web1\/wp-json\/wp\/v2\/types\/page"}],"author":[{"embeddable":true,"href":"https:\/\/iesalhama.educacion.navarra.es\/web1\/wp-json\/wp\/v2\/users\/1"}],"replies":[{"embeddable":true,"href":"https:\/\/iesalhama.educacion.navarra.es\/web1\/wp-json\/wp\/v2\/comments?post=1177"}],"version-history":[{"count":29,"href":"https:\/\/iesalhama.educacion.navarra.es\/web1\/wp-json\/wp\/v2\/pages\/1177\/revisions"}],"predecessor-version":[{"id":13063,"href":"https:\/\/iesalhama.educacion.navarra.es\/web1\/wp-json\/wp\/v2\/pages\/1177\/revisions\/13063"}],"up":[{"embeddable":true,"href":"https:\/\/iesalhama.educacion.navarra.es\/web1\/wp-json\/wp\/v2\/pages\/1167"}],"wp:attachment":[{"href":"https:\/\/iesalhama.educacion.navarra.es\/web1\/wp-json\/wp\/v2\/media?parent=1177"}],"curies":[{"name":"wp","href":"https:\/\/api.w.org\/{rel}","templated":true}]}}