{"id":1185,"date":"2017-12-08T16:47:44","date_gmt":"2017-12-08T15:47:44","guid":{"rendered":"https:\/\/iesalhama.educacion.navarra.es\/web1\/?page_id=1185"},"modified":"2025-11-26T10:30:58","modified_gmt":"2025-11-26T09:30:58","slug":"lengua-y-literatura","status":"publish","type":"page","link":"https:\/\/iesalhama.educacion.navarra.es\/web1\/departamentos\/lengua-y-literatura\/","title":{"rendered":"Lengua y Literatura"},"content":{"rendered":"<div class=\"content clearfix\">\n<p style=\"padding-left: 60px\"><span style=\"text-decoration: underline\"><strong>JEFATURA de Departamento<\/strong><\/span><\/p>\n<ul>\n<li style=\"list-style-type: none\">\n<ul>\n<li style=\"list-style-type: none\">\n<ul>\n<li><strong>Blanco Cacho, Olga<\/strong><\/li>\n<\/ul>\n<\/li>\n<\/ul>\n<\/li>\n<\/ul>\n<p style=\"padding-left: 60px\"><span style=\"text-decoration: underline\"><strong>PROFESORADO\u00a0del Departamento<\/strong><\/span><\/p>\n<ul>\n<li style=\"list-style-type: none\">\n<ul>\n<li style=\"list-style-type: none\">\n<ul>\n<li><strong>\u00c1lvarez Tolivar, Aurora (Outes Bravo, Charo)<\/strong><\/li>\n<li><strong>Conde Soldevilla, Cristina<\/strong><\/li>\n<li><strong>Correa Mart\u00edn, Julia Bel\u00e9n<\/strong><\/li>\n<li><strong>Gr\u00e1valos P\u00e9rez, Isabel (Adot Rodr\u00edgues, Mar\u00eda Cleof\u00e9)<\/strong><\/li>\n<li><strong>Herrero Velilla, Ignacio<\/strong><\/li>\n<li><strong>Huerta Vela, Ana Rita\u00a0<\/strong><\/li>\n<li><strong>Le\u00f3n M\u00e1rquez, Laura<\/strong><\/li>\n<li><strong>Maestro D\u00edez, Nuria<\/strong><\/li>\n<li><strong>Mari\u00f1o Arias, Ana Mar\u00eda<\/strong><\/li>\n<li><strong>Mart\u00ednez Esquitino, Pilar\u00a0<\/strong><\/li>\n<li><strong>P\u00e9rez Ruiz, Eduardo\u00a0<\/strong><\/li>\n<\/ul>\n<\/li>\n<\/ul>\n<\/li>\n<\/ul>\n<p style=\"padding-left: 60px\"><strong><u>ASIGNATURAS\u00a0impartidas por el Departamento<\/u><\/strong><\/p>\n<ul>\n<li style=\"list-style-type: none\">\n<ul>\n<li style=\"list-style-type: none\">\n<ul>\n<li><strong><a href=\"https:\/\/docs.google.com\/document\/d\/1xGAXnv3WLIlaiMCRZETRCycJedL__XTCXgQ3WxIThxs\/edit\" target=\"_blank\" rel=\"noopener noreferrer\">1\u00ba ESO Lengua Castellana y Literatura<\/a><\/strong><\/li>\n<li><strong><a href=\"https:\/\/docs.google.com\/document\/d\/1UFThC7cM7moltNUVaFgF49ksTc6MVo5zDMGiL8R4ZaM\/edit\" target=\"_blank\" rel=\"noopener noreferrer\">1\u00ba ESO El cofre de las palabras<\/a><\/strong><\/li>\n<li><strong><a href=\"https:\/\/docs.google.com\/document\/d\/1w2j8wz72kn3RZyf6xiLcuV4ix8cn6MQxAKgQr6sS8AQ\/edit\" target=\"_blank\" rel=\"noopener noreferrer\">2\u00ba ESO Lengua Castellana y Literatura<\/a><\/strong><\/li>\n<li><strong><a href=\"https:\/\/docs.google.com\/document\/d\/1hCIAJ5W34bgmdYf6na0EbF78Suiw5kqN7YF0bkXx3f4\/edit?usp=sharing\" target=\"_blank\" rel=\"noopener\">2\u00ba ESO Lo tuyo es Puro Teatro<\/a><\/strong><\/li>\n<li><strong><a href=\"https:\/\/docs.google.com\/document\/d\/1TWrMNoFL3ZUb9oXLlbKN_hnYkgxWI51tO7CgjQTCWOI\/edit\" target=\"_blank\" rel=\"noopener noreferrer\">3\u00ba ESO Lengua Castellana y Literatura<\/a><\/strong><\/li>\n<li><a href=\"https:\/\/docs.google.com\/document\/d\/1iva5tfBa6uYd8hTedazRN1-KizQRuLq8Gn6lIyi6JMI\/edit?usp=sharing\" target=\"_blank\" rel=\"noopener\"><strong>3\u00ba ESO Cu\u00e9ntame la pel\u00edcula<\/strong><\/a><\/li>\n<li><strong><a href=\"https:\/\/docs.google.com\/document\/d\/1qF2Fd0zac5avFkeOSIjJB3F_FHJtt6-a79nbK4Kt1RE\/edit\" target=\"_blank\" rel=\"noopener noreferrer\">4\u00ba ESO Lengua Castellana y Literatura<\/a><\/strong><\/li>\n<li><strong><a href=\"https:\/\/docs.google.com\/document\/d\/1MY-omqPA4qG8YzyNlLkqCTNbajIWICCyopf5tMKG8U8\/edit\" target=\"_blank\" rel=\"noopener noreferrer\">1\u00ba BCH Lengua Castellana y Literatura<\/a><\/strong><\/li>\n<li><a href=\"https:\/\/docs.google.com\/document\/d\/1IyxQ421sk-NSpzGz27BMYf-TvDeIOtjo\/edit\" target=\"_blank\" rel=\"noopener\"><strong>1\u00ba BCH Literatura Universal<\/strong><\/a><\/li>\n<li><strong><a href=\"https:\/\/docs.google.com\/document\/d\/1SCPEi57gv485VZebBM7qOJDmy6bm0wM-ObsZtqEnf_w\/edit\" target=\"_blank\" rel=\"noopener noreferrer\"><strong>2\u00ba BCH Lengua Castellana y Litera<\/strong>tura<\/a><\/strong><\/li>\n<\/ul>\n<\/li>\n<\/ul>\n<\/li>\n<\/ul>\n<p style=\"padding-left: 60px\">\u00a0<\/p>\n<p>\u00a0 \u00a0 \u00a0 \u00a0 \u00a0 \u00a0 \u00a0 <a href=\"https:\/\/docs.google.com\/document\/d\/1Tb8ROUuCiHMpYnDtHromAt9JSDEU_Qx6\/edit?usp=sharing&amp;ouid=105897542764025823476&amp;rtpof=true&amp;sd=true\" target=\"_blank\" rel=\"noopener\"><span style=\"text-decoration: underline\"><strong>LIBROS DE LECTURA 25 &#8211; 26<\/strong><\/span><\/a><\/p>\n<p>\u00a0<\/p>\n<\/div>\n\n\n<p><\/p>\n","protected":false},"excerpt":{"rendered":"<p>JEFATURA de Departamento Blanco Cacho, Olga PROFESORADO\u00a0del Departamento \u00c1lvarez Tolivar, Aurora (Outes Bravo, Charo) Conde Soldevilla, Cristina Correa Mart\u00edn, Julia Bel\u00e9n Gr\u00e1valos P\u00e9rez, Isabel (Adot Rodr\u00edgues, Mar\u00eda Cleof\u00e9) Herrero Velilla, Ignacio Huerta Vela, Ana Rita\u00a0 Le\u00f3n M\u00e1rquez, Laura Maestro D\u00edez, Nuria Mari\u00f1o Arias, Ana Mar\u00eda Mart\u00ednez Esquitino, Pilar\u00a0 P\u00e9rez Ruiz, Eduardo\u00a0 ASIGNATURAS\u00a0impartidas por el Departamento [&hellip;]<\/p>\n","protected":false},"author":1,"featured_media":0,"parent":1167,"menu_order":0,"comment_status":"closed","ping_status":"closed","template":"","meta":{"_genesis_hide_title":false,"_genesis_hide_breadcrumbs":false,"_genesis_hide_singular_image":false,"_genesis_hide_footer_widgets":false,"_genesis_custom_body_class":"","_genesis_custom_post_class":"","_genesis_layout":""},"_links":{"self":[{"href":"https:\/\/iesalhama.educacion.navarra.es\/web1\/wp-json\/wp\/v2\/pages\/1185"}],"collection":[{"href":"https:\/\/iesalhama.educacion.navarra.es\/web1\/wp-json\/wp\/v2\/pages"}],"about":[{"href":"https:\/\/iesalhama.educacion.navarra.es\/web1\/wp-json\/wp\/v2\/types\/page"}],"author":[{"embeddable":true,"href":"https:\/\/iesalhama.educacion.navarra.es\/web1\/wp-json\/wp\/v2\/users\/1"}],"replies":[{"embeddable":true,"href":"https:\/\/iesalhama.educacion.navarra.es\/web1\/wp-json\/wp\/v2\/comments?post=1185"}],"version-history":[{"count":37,"href":"https:\/\/iesalhama.educacion.navarra.es\/web1\/wp-json\/wp\/v2\/pages\/1185\/revisions"}],"predecessor-version":[{"id":13195,"href":"https:\/\/iesalhama.educacion.navarra.es\/web1\/wp-json\/wp\/v2\/pages\/1185\/revisions\/13195"}],"up":[{"embeddable":true,"href":"https:\/\/iesalhama.educacion.navarra.es\/web1\/wp-json\/wp\/v2\/pages\/1167"}],"wp:attachment":[{"href":"https:\/\/iesalhama.educacion.navarra.es\/web1\/wp-json\/wp\/v2\/media?parent=1185"}],"curies":[{"name":"wp","href":"https:\/\/api.w.org\/{rel}","templated":true}]}}

<div class="content clearfix">
<p style="padding-left: 60px"><span style="text-decoration: underline"><strong>JEFATURA de Departamento</strong></span></p>
<ul>
<li style="list-style-type: none">
<ul>
<li style="list-style-type: none">
<ul>
<li><strong>Blanco Cacho, Olga</strong></li>
</ul>
</li>
</ul>
</li>
</ul>
<p style="padding-left: 60px"><span style="text-decoration: underline"><strong>PROFESORADO del Departamento</strong></span></p>
<ul>
<li style="list-style-type: none">
<ul>
<li style="list-style-type: none">
<ul>
<li><strong>Álvarez Tolivar, Aurora (Outes Bravo, Charo)</strong></li>
<li><strong>Conde Soldevilla, Cristina</strong></li>
<li><strong>Correa Martín, Julia Belén</strong></li>
<li><strong>Grávalos Pérez, Isabel (Adot Rodrígues, María Cleofé)</strong></li>
<li><strong>Herrero Velilla, Ignacio</strong></li>
<li><strong>Huerta Vela, Ana Rita </strong></li>
<li><strong>León Márquez, Laura</strong></li>
<li><strong>Maestro Díez, Nuria</strong></li>
<li><strong>Mariño Arias, Ana María</strong></li>
<li><strong>Martínez Esquitino, Pilar </strong></li>
<li><strong>Pérez Ruiz, Eduardo </strong></li>
</ul>
</li>
</ul>
</li>
</ul>
<p style="padding-left: 60px"><strong><u>ASIGNATURAS impartidas por el Departamento</u></strong></p>
<ul>
<li style="list-style-type: none">
<ul>
<li style="list-style-type: none">
<ul>
<li><strong><a href="https://docs.google.com/document/d/1xGAXnv3WLIlaiMCRZETRCycJedL__XTCXgQ3WxIThxs/edit" target="_blank" rel="noopener noreferrer">1º ESO Lengua Castellana y Literatura</a></strong></li>
<li><strong><a href="https://docs.google.com/document/d/1UFThC7cM7moltNUVaFgF49ksTc6MVo5zDMGiL8R4ZaM/edit" target="_blank" rel="noopener noreferrer">1º ESO El cofre de las palabras</a></strong></li>
<li><strong><a href="https://docs.google.com/document/d/1w2j8wz72kn3RZyf6xiLcuV4ix8cn6MQxAKgQr6sS8AQ/edit" target="_blank" rel="noopener noreferrer">2º ESO Lengua Castellana y Literatura</a></strong></li>
<li><strong><a href="https://docs.google.com/document/d/1hCIAJ5W34bgmdYf6na0EbF78Suiw5kqN7YF0bkXx3f4/edit?usp=sharing" target="_blank" rel="noopener">2º ESO Lo tuyo es Puro Teatro</a></strong></li>
<li><strong><a href="https://docs.google.com/document/d/1TWrMNoFL3ZUb9oXLlbKN_hnYkgxWI51tO7CgjQTCWOI/edit" target="_blank" rel="noopener noreferrer">3º ESO Lengua Castellana y Literatura</a></strong></li>
<li><a href="https://docs.google.com/document/d/1iva5tfBa6uYd8hTedazRN1-KizQRuLq8Gn6lIyi6JMI/edit?usp=sharing" target="_blank" rel="noopener"><strong>3º ESO Cuéntame la película</strong></a></li>
<li><strong><a href="https://docs.google.com/document/d/1qF2Fd0zac5avFkeOSIjJB3F_FHJtt6-a79nbK4Kt1RE/edit" target="_blank" rel="noopener noreferrer">4º ESO Lengua Castellana y Literatura</a></strong></li>
<li><strong><a href="https://docs.google.com/document/d/1MY-omqPA4qG8YzyNlLkqCTNbajIWICCyopf5tMKG8U8/edit" target="_blank" rel="noopener noreferrer">1º BCH Lengua Castellana y Literatura</a></strong></li>
<li><a href="https://docs.google.com/document/d/1IyxQ421sk-NSpzGz27BMYf-TvDeIOtjo/edit" target="_blank" rel="noopener"><strong>1º BCH Literatura Universal</strong></a></li>
<li><strong><a href="https://docs.google.com/document/d/1SCPEi57gv485VZebBM7qOJDmy6bm0wM-ObsZtqEnf_w/edit" target="_blank" rel="noopener noreferrer"><strong>2º BCH Lengua Castellana y Litera</strong>tura</a></strong></li>
</ul>
</li>
</ul>
</li>
</ul>
<p style="padding-left: 60px"> </p>
<p>              <a href="https://docs.google.com/document/d/1Tb8ROUuCiHMpYnDtHromAt9JSDEU_Qx6/edit?usp=sharing&amp;ouid=105897542764025823476&amp;rtpof=true&amp;sd=true" target="_blank" rel="noopener"><span style="text-decoration: underline"><strong>LIBROS DE LECTURA 25 &#8211; 26</strong></span></a></p>
<p> </p>
</div>


<p></p>

<p>JEFATURA de Departamento Blanco Cacho, Olga PROFESORADO del Departamento Álvarez Tolivar, Aurora (Outes Bravo, Charo) Conde Soldevilla, Cristina Correa Martín, Julia Belén Grávalos Pérez, Isabel (Adot Rodrígues, María Cleofé) Herrero Velilla, Ignacio Huerta Vela, Ana Rita  León Márquez, Laura Maestro Díez, Nuria Mariño Arias, Ana María Martínez Esquitino, Pilar  Pérez Ruiz, Eduardo  ASIGNATURAS impartidas por el Departamento [&hellip;]</p>
