{"id":1195,"date":"2017-12-08T16:50:32","date_gmt":"2017-12-08T15:50:32","guid":{"rendered":"https:\/\/iesalhama.educacion.navarra.es\/web1\/?page_id=1195"},"modified":"2026-03-03T11:03:52","modified_gmt":"2026-03-03T10:03:52","slug":"tecnologia9","status":"publish","type":"page","link":"https:\/\/iesalhama.educacion.navarra.es\/web1\/departamentos\/tecnologia9\/","title":{"rendered":"Tecnolog\u00eda"},"content":{"rendered":"<div class=\"content clearfix\">\n<p style=\"padding-left: 60px\"><span style=\"text-decoration: underline\"><strong>JEFATURA de Departamento<\/strong><\/span><span style=\"color: #000000\">\u00a0<\/span><\/p>\n<ul>\n<li style=\"list-style-type: none\">\n<ul>\n<li style=\"list-style-type: none\">\n<ul>\n<li>\n<h5><strong>Recio Pel\u00e1ez, Mar\u00eda N\u00e9lida<\/strong><\/h5>\n<\/li>\n<\/ul>\n<\/li>\n<\/ul>\n<\/li>\n<\/ul>\n<p style=\"padding-left: 60px\"><span style=\"text-decoration: underline\"><strong>PROFESORADO\u00a0del Departamento<\/strong><\/span><\/p>\n<ul>\n<li style=\"list-style-type: none\">\n<ul>\n<li style=\"list-style-type: none\">\n<ul>\n<li>\n<h5><strong>Escribano Moya, Paula Isabel<\/strong><\/h5>\n<\/li>\n<li>\n<h5><strong>Kamar, Mina <\/strong><strong>\u00a0 \u00a0\u00a0<\/strong><\/h5>\n<\/li>\n<li>\n<h5><strong>P\u00e9rez Mu\u00f1oz, Soraya <\/strong><\/h5>\n<\/li>\n<li>\n<h5><strong>Resa Zubieta, Carlos<\/strong><\/h5>\n<\/li>\n<li>\n<h5><strong>Soto P\u00e9rez, Mar\u00eda<\/strong><\/h5>\n<\/li>\n<li>\n<h5><strong>Villafranca Garc\u00eda, Rosa Mar\u00eda<\/strong><strong>\u00a0 \u00a0<\/strong><\/h5>\n<\/li>\n<\/ul>\n<\/li>\n<\/ul>\n<\/li>\n<\/ul>\n<p style=\"padding-left: 60px\"><strong><u>ASIGNATURAS\u00a0impartidas por el Departamento<\/u><\/strong><\/p>\n<ul>\n<li style=\"list-style-type: none\">\n<ul>\n<li style=\"list-style-type: none\">\n<ul>\n<li><a href=\"https:\/\/docs.google.com\/document\/d\/1NeSimPLZGtYLfybsvgtbmTV78Nr5t9PskDrP-m19biI\/edit?usp=sharing\" target=\"_blank\" rel=\"noopener noreferrer\"><strong>1\u00ba ESO Tecnolog\u00eda y Digitalizaci\u00f3n<\/strong><\/a><\/li>\n<li><a href=\"https:\/\/docs.google.com\/document\/d\/1Fr0dkKqdJvwZ-KgmPnrsJ7AR8gcsO7iZloh0o7U0CT0\/edit?usp=sharing\" target=\"_blank\" rel=\"noopener noreferrer\"><strong>1\u00ba ESO Herramientas Digitales<\/strong><\/a><\/li>\n<li><a href=\"https:\/\/docs.google.com\/document\/d\/1ED7cYfNIMfj1C9lFaJV608odR07fr8fBv8KDNDjpsKw\/edit?usp=sharing\" target=\"_blank\" rel=\"noopener noreferrer\"><strong>2\u00ba ESO Tecnolog\u00eda y Digitalizaci\u00f3n<\/strong><\/a><\/li>\n<li><strong><a href=\"https:\/\/docs.google.com\/document\/d\/1_oUha-s32097qD_Z5XZVFpqzegCIizTdFwEMnoNlz5M\/edit?usp=sharing\" target=\"_blank\" rel=\"noopener\">2\u00ba ESO Rob\u00f3tica<\/a><\/strong><\/li>\n<li><a href=\"https:\/\/docs.google.com\/document\/d\/1jof3aqA6v89z9d1NjdAhNrq-w6kGWDNMZrOwIA_uy60\/edit?usp=sharing\" target=\"_blank\" rel=\"noopener noreferrer\"><strong>3\u00ba DC \u00c1mbito Pr\u00e1ctico<\/strong><\/a><\/li>\n<li><a href=\"https:\/\/docs.google.com\/document\/d\/1O_uBrpjTh1K2hcNw-IYclAkhIGs05bc2e6eywFTIynA\/edit?usp=sharing\" target=\"_blank\" rel=\"noopener noreferrer\"><strong>4\u00ba DC \u00c1mbito Pr\u00e1ctico<\/strong><\/a><\/li>\n<li><a href=\"https:\/\/docs.google.com\/document\/d\/1154j3glBEKH6zsENUCXjbtPUSyzMgp7Nv45sMTgjREo\/edit?usp=sharing\" target=\"_blank\" rel=\"noopener noreferrer\"><strong>4\u00ba ESO Tecnolog\u00eda<\/strong><\/a><\/li>\n<li><a href=\"https:\/\/docs.google.com\/document\/d\/1zVmkvG_5h1On-sQjBn2f47h21XinZSsy0-4cV07GBv0\/edit?usp=sharing\" target=\"_blank\" rel=\"noopener noreferrer\"><strong>4\u00ba ESO Digitalizaci\u00f3n<\/strong><\/a><\/li>\n<li><strong><a href=\"https:\/\/docs.google.com\/document\/d\/1J9Q6JJ-auTKD9OTY_-88TTQNZfhdz8VQmUtBHK-HaZI\/edit\" target=\"_blank\" rel=\"noopener noreferrer\">1\u00ba BCH Tecnolog\u00edas de la informaci\u00f3n y la comunicaci\u00f3n I<\/a><\/strong><\/li>\n<li><strong><a href=\"https:\/\/docs.google.com\/document\/d\/1jF8gCGUjaz3NaknG_wqoNkrmwSdb2nRl80qiGcHAk-o\/edit?tab=t.0\" target=\"_blank\" rel=\"noopener noreferrer\">2\u00ba BCH 3D y programaci\u00f3n<\/a>\u00a0<\/strong><\/li>\n<\/ul>\n<\/li>\n<\/ul>\n<\/li>\n<\/ul>\n<\/div>\n\n\n<p><\/p>\n","protected":false},"excerpt":{"rendered":"<p>JEFATURA de Departamento\u00a0 Recio Pel\u00e1ez, Mar\u00eda N\u00e9lida PROFESORADO\u00a0del Departamento Escribano Moya, Paula Isabel Kamar, Mina \u00a0 \u00a0\u00a0 P\u00e9rez Mu\u00f1oz, Soraya Resa Zubieta, Carlos Soto P\u00e9rez, Mar\u00eda Villafranca Garc\u00eda, Rosa Mar\u00eda\u00a0 \u00a0 ASIGNATURAS\u00a0impartidas por el Departamento 1\u00ba ESO Tecnolog\u00eda y Digitalizaci\u00f3n 1\u00ba ESO Herramientas Digitales 2\u00ba ESO Tecnolog\u00eda y Digitalizaci\u00f3n 2\u00ba ESO Rob\u00f3tica 3\u00ba DC \u00c1mbito [&hellip;]<\/p>\n","protected":false},"author":1,"featured_media":0,"parent":1167,"menu_order":0,"comment_status":"closed","ping_status":"closed","template":"","meta":{"_genesis_hide_title":false,"_genesis_hide_breadcrumbs":false,"_genesis_hide_singular_image":false,"_genesis_hide_footer_widgets":false,"_genesis_custom_body_class":"","_genesis_custom_post_class":"","_genesis_layout":""},"_links":{"self":[{"href":"https:\/\/iesalhama.educacion.navarra.es\/web1\/wp-json\/wp\/v2\/pages\/1195"}],"collection":[{"href":"https:\/\/iesalhama.educacion.navarra.es\/web1\/wp-json\/wp\/v2\/pages"}],"about":[{"href":"https:\/\/iesalhama.educacion.navarra.es\/web1\/wp-json\/wp\/v2\/types\/page"}],"author":[{"embeddable":true,"href":"https:\/\/iesalhama.educacion.navarra.es\/web1\/wp-json\/wp\/v2\/users\/1"}],"replies":[{"embeddable":true,"href":"https:\/\/iesalhama.educacion.navarra.es\/web1\/wp-json\/wp\/v2\/comments?post=1195"}],"version-history":[{"count":42,"href":"https:\/\/iesalhama.educacion.navarra.es\/web1\/wp-json\/wp\/v2\/pages\/1195\/revisions"}],"predecessor-version":[{"id":13288,"href":"https:\/\/iesalhama.educacion.navarra.es\/web1\/wp-json\/wp\/v2\/pages\/1195\/revisions\/13288"}],"up":[{"embeddable":true,"href":"https:\/\/iesalhama.educacion.navarra.es\/web1\/wp-json\/wp\/v2\/pages\/1167"}],"wp:attachment":[{"href":"https:\/\/iesalhama.educacion.navarra.es\/web1\/wp-json\/wp\/v2\/media?parent=1195"}],"curies":[{"name":"wp","href":"https:\/\/api.w.org\/{rel}","templated":true}]}}